{"id":561,"date":"2012-06-07T04:42:19","date_gmt":"2012-06-07T04:42:19","guid":{"rendered":"http:\/\/www.home.bauphase.eu\/?page_id=561"},"modified":"2012-10-25T11:50:40","modified_gmt":"2012-10-25T11:50:40","slug":"welfenstrasse-19-munchen-umbau-ruckgebaude","status":"publish","type":"page","link":"http:\/\/www.home.bauphase.eu\/?page_id=561","title":{"rendered":"Welfenstrasse 19, M\u00fcnchen \u2013 Umbau R\u00fcckgeb\u00e4ude"},"content":{"rendered":"<p><a href=\"http:\/\/www.home.bauphase.eu\/wordpress\/wp-content\/gallery\/w19\/w19_fassade.jpg\" rel=\"lightbox[]\"><img decoding=\"async\" class=\"ngg-singlepic ngg-center\" src=\"http:\/\/www.home.bauphase.eu\/wordpress\/wp-content\/gallery\/w19-thumbs\/w19_fassade_thumb.jpg\" alt=\"w19_fassade_thumb\" \/><\/a><\/p>\n<p>Den Beginn markiert ein seit Jahren leerstehendes, als Textillager errichtetes R\u00fcckgeb\u00e4ude mit typischem 60er Jahre Charme in typischer 60er Jahre Umgebung&#8230; gesichtslos und einfach auf der einen, loftartig und gro\u00dfz\u00fcgig auf der anderen Seite&#8230;<br \/>\n<!--more--><\/p>\n<p>Der dreigeschossige Riegel wurde, mit langem Atem in der Abstimmung mit der Baubeh\u00f6rde und der Eigent\u00fcmergemeinschaft, um ein neues, zur\u00fcckversetztes Staffelgeschoss mit vor gelagerter, \u00fcber die gesamte Geb\u00e4udel\u00e4nge verlaufender, Dachterrassenfl\u00e4che erh\u00f6ht.<\/p>\n<p>Um zwei Familien als Refugium dienen zu k\u00f6nnen, wurde der Bauk\u00f6rper nicht, wie urspr\u00fcnglich vorgesehen, ebenenweise in Geschosswohnungen unterteilt, sondern zu zwei mehrgeschossigen, geschossweise versetzt angeordneten Stadth\u00e4usern \u00fcber vier Ebenen ausgebaut.<\/p>\n<p>Trotz der Aufteilung in zwei Einheiten und der Erfordernis einzelner R\u00e4ume, wurde darauf geachtet, den industriellen und loftartigen Charakter der ehemaligen Lagerfl\u00e4chen durch flie\u00dfende R\u00e4ume mit gro\u00dfen, raumhohen Schiebe-Elementen und einer klaren Gestaltung mit gleichen Fensterelementen und einer glatten Fassade au\u00dfen und industriellen Oberfl\u00e4chen innen zu erhalten.<\/p>\n<p><a href=\"http:\/\/www.home.bauphase.eu\/wordpress\/wp-content\/gallery\/w19\/w19_wohnen.jpg\" rel=\"lightbox[]\"><img decoding=\"async\" class=\"ngg-singlepic ngg-center\" src=\"http:\/\/www.home.bauphase.eu\/wordpress\/wp-content\/gallery\/w19-thumbs\/w19_wohnen_thumb.jpg\" alt=\"w19_wohnen_thumb\" \/><\/a><\/p>\n<p><a href=\"http:\/\/www.home.bauphase.eu\/wordpress\/wp-content\/gallery\/w19\/w19_treppe01.jpg\" rel=\"lightbox[]\"><img decoding=\"async\" class=\"ngg-singlepic ngg-center\" src=\"http:\/\/www.home.bauphase.eu\/wordpress\/wp-content\/gallery\/w19-thumbs\/w19_treppe01_thumb.jpg\" alt=\"w19_treppe01_thumb\" \/><\/a><\/p>\n<p><a href=\"http:\/\/www.home.bauphase.eu\/wordpress\/wp-content\/gallery\/w19\/w19_bad.jpg\" rel=\"lightbox[]\"><img decoding=\"async\" class=\"ngg-singlepic ngg-center\" src=\"http:\/\/www.home.bauphase.eu\/wordpress\/wp-content\/gallery\/w19-thumbs\/w19_bad_thumb.jpg\" alt=\"w19_bad_thumb\" \/><\/a> <\/p>\n<p><a href=\"http:\/\/www.home.bauphase.eu\/wordpress\/wp-content\/gallery\/w19\/w19_wohnen0.jpg\" rel=\"lightbox[]\"><img decoding=\"async\" class=\"ngg-singlepic ngg-center\" src=\"http:\/\/www.home.bauphase.eu\/wordpress\/wp-content\/gallery\/w19-thumbs\/w19_wohnen_thumb0.jpg\" alt=\"w19_wohnen0_thumb\" \/><\/a><\/p>\n<p><a href=\"http:\/\/www.home.bauphase.eu\/wordpress\/wp-content\/gallery\/w19\/w19_kueche01.jpg\" rel=\"lightbox[]\"><img decoding=\"async\" class=\"ngg-singlepic ngg-center\" src=\"http:\/\/www.home.bauphase.eu\/wordpress\/wp-content\/gallery\/w19-thumbs\/w19_kueche_thumb.jpg\" alt=\"w19_kueche_thumb\" \/><\/a><\/p>\n<p><em>Das Objekt Welfenstra\u00dfe wurde im Fachbuch \u201eBodenbeschichtungen \u2013 Technik und Gestaltung\u201c als Beispiel f\u00fcr industrielle Bodenbeschichtungen ver\u00f6ffentlicht (siehe Fotos auf Seiten 19 und 22 \u2013 wei\u00dfe Estrichbeschichtung)<\/em><\/p>\n<p><a href=\"http:\/\/www.home.bauphase.eu\/?cat=8\">\u2190 zur\u00fcck<\/a><\/p>\n","protected":false},"excerpt":{"rendered":"<p>Den Beginn markiert ein seit Jahren leerstehendes, als Textillager errichtetes R\u00fcckgeb\u00e4ude mit typischem 60er Jahre Charme in typischer 60er Jahre Umgebung&#8230; gesichtslos und einfach auf der einen, loftartig und gro\u00dfz\u00fcgig auf der anderen Seite&#8230;<\/p>\n","protected":false},"author":1,"featured_media":0,"parent":0,"menu_order":0,"comment_status":"closed","ping_status":"closed","template":"","meta":{"ngg_post_thumbnail":0,"footnotes":""},"class_list":["post-561","page","type-page","status-publish","hentry"],"_links":{"self":[{"href":"http:\/\/www.home.bauphase.eu\/index.php?rest_route=\/wp\/v2\/pages\/561","targetHints":{"allow":["GET"]}}],"collection":[{"href":"http:\/\/www.home.bauphase.eu\/index.php?rest_route=\/wp\/v2\/pages"}],"about":[{"href":"http:\/\/www.home.bauphase.eu\/index.php?rest_route=\/wp\/v2\/types\/page"}],"author":[{"embeddable":true,"href":"http:\/\/www.home.bauphase.eu\/index.php?rest_route=\/wp\/v2\/users\/1"}],"replies":[{"embeddable":true,"href":"http:\/\/www.home.bauphase.eu\/index.php?rest_route=%2Fwp%2Fv2%2Fcomments&post=561"}],"version-history":[{"count":4,"href":"http:\/\/www.home.bauphase.eu\/index.php?rest_route=\/wp\/v2\/pages\/561\/revisions"}],"predecessor-version":[{"id":582,"href":"http:\/\/www.home.bauphase.eu\/index.php?rest_route=\/wp\/v2\/pages\/561\/revisions\/582"}],"wp:attachment":[{"href":"http:\/\/www.home.bauphase.eu\/index.php?rest_route=%2Fwp%2Fv2%2Fmedia&parent=561"}],"curies":[{"name":"wp","href":"https:\/\/api.w.org\/{rel}","templated":true}]}}